21?
2
What is the tens digit of 12795639?
3
What is the hundred thousands digit of 9061254?
0
What is the units digit of 11411385?
5
What is the hundreds digit of 33084?
0
What is the units digit of 394322?
2
What is the thousands digit of 6114918?
4
What is the units digit of 61198?
8
What is the ten thousands digit of 694246?
9
What is the tens digit of 2055037?
3
What is the hundreds digit of 9485355?
3
What is the units digit of 402741?
1
What is the hundred thousands digit of 364442?
3
What is the hundred thousands digit of 5784357?
7
What is the hundred thousands digit of 4425173?
4
What is the millions digit of 1157048?
1
What is the thousands digit of 1373061?
3
What is the tens digit of 179590?
9
What is the tens digit of 5758896?
9
What is the thousands digit of 654054?
4
What is the thousands digit of 439421?
9
What is the units digit of 846117?
7
What is the ten thousands digit of 205007?
0
What is the units digit of 237285?
5
What is the hundred thousands digit of 696457?
6
What is the thousands digit of 1520489?
0
What is the tens digit of 456177?
7
What is the tens digit of 326339?
3
What is the tens digit of 176524?
2
What is the units digit of 72909?
9
What is the hundred thousands digit of 5316295?
3
What is the hundred thousands digit of 4429975?
4
What is the hundred thousands digit of 216356?
2
What is the thousands digit of 1186325?
6
What is the ten thousands digit of 1289727?
8
What is the tens digit of 252750?
5
What is the hundreds digit of 404612?
6
What is the hundreds digit of 78964?
9
What is the thousands digit of 358245?
8
What is the millions digit of 12532015?
2
What is the thousands digit of 42608895?
8
What is the hundreds digit of 1399530?
5
What is the units digit of 892323?
3
What is the thousands digit of 312896?
2
What is the ten thousands digit of 1031711?
3
What is the ten thousands digit of 4770960?
7
What is the millions digit of 4083283?
4
What is the hundreds digit of 1606655?
6
What is the tens digit of 319158?
5
What is the hundreds digit of 28093022?
0
What is the hundreds digit of 29194998?
9
What is the ten thousands digit of 192660?
9
What is the units digit of 213621?
1
What is the ten millions digit of 20419895?
2
What is the tens digit of 3003503?
0
What is the units digit of 16923979?
9
What is the thousands digit of 1515343?
5
What is the units digit of 22630865?
5
What is the thousands digit of 548632?
8
What is the hundred thousands digit of 3518446?
5
What is the thousands digit of 87907?
7
What is the thousands digit of 130322?
0
What is the hundred thousands digit of 10585949?
5
What is the tens digit of 452884?
8
What is the hundred thousands digit of 194956?
1
What is the hundreds digit of 8293567?
5
What is the thousands digit of 308286?
8
What is the ten thousands digit of 1421233?
2
What is the hundred thousands digit of 158209?
1
What is the ten thousands digit of 7220048?
2
What is the hundred thousands digit of 3246489?
2
What is the units digit of 625797?
7
What is the millions digit of 6969813?
6
What is the units digit of 10431017?
7
What is the ten thousands digit of 210904?
1
What is the tens digit of 274484?
8
What is the hundred thousands digit of 222212?
2
What is the millions digit of 22580036?
2
What is the thousands digit of 1178800?
8
What is the millions digit of 13182221?
3
What is the thousands digit of 177332?
7
What is the ten thousands digit of 985210?
8
What is the units digit of 2390264?
4
What is the hundred thousands digit of 2058898?
0
What is the units digit of 4258?
8
What is the units digit of 3233033?
3
What is the tens digit of 60700?
0
What is the thousands digit of 1209897?
9
What is the hundreds digit of 116394?
3
What is the millions digit of 6470885?
6
What is the millions digit of 1825567?
1
What is the hundreds digit of 10915014?
0
What is the thousands digit of 4646782?
6
What is the millions digit of 20471629?
0
What is the ten thousands digit of 1736778?
3
What is the millions digit of 35689078?
5
What is the ten thousands digit of 26087538?
8
What is the thousands digit of 487587?
7
What is the units digit of 90840?
0
What is the hundreds digit of 216575?
5
What is the hundreds digit of 453591?
5
What is the tens digit of 1914152?
5
What is the units digit of 1501084?
4
What is the tens digit of 11562765?
6
What is the ten thousands digit of 5040948?
4
What is the hundreds digit of 21912231?
2
What is the units digit of 1825665?
5
What is the hundreds digit of 877712?
7
What is the hundred thousands digit of 2945310?
9
What is the tens digit of 321758?
5
What is the hundred thousands digit of 7562531?
5
What is the thousands digit of 6325961?
5
What is the thousands digit of 3852041?
2
What is the millions digit of 2445563?
2
What is the ten thousands digit of 24459369?
5
What is the hundred thousands digit of 9490007?
4
What is the tens digit of 12130?
3
What is the thousands digit of 879015?
9
What is the tens digit of 188980?
8
What is the thousands digit of 51097?
1
What is the units digit of 87839?
9
What is the tens digit of 9135556?
5
What is the ten thousands digit of 787366?
8
What is the millions digit of 3527939?
3
What is the ten thousands digit of 5998836?
9
What is the ten thousands digit of 102614?
0
What is the tens digit of 2962153?
5
What is the tens digit of 1434558?
5
What is the tens digit of 126995?
9
What is the tens digit of 127216?
1
What is the hundreds digit of 15660376?
3
What is the ten thousands digit of 2052900?
5
What is the units digit of 3033516?
6
What is the millions digit of 6314133?
6
What is the units digit of 1021166?
6
What is the ten millions digit of 11815475?
1
What is the hundred thousands digit of 3634975?
6
What is the units digit of 910904?
4
What is the hundreds digit of 8541326?
3
What is the tens digit of 3886125?
2
What is the ten thousands digit of 526885?
2
What is the units digit of 10377030?
0
What is the hundred thousands digit of 1757220?
7
What is the hundred thousands digit of 2183180?
1
What is the hundreds digit of 282740?
7
What is the units digit of 1874850?
0
What is the ten thousands digit of 419511?
1
What is the thousands digit of 28237001?
7
What is the ten thousands digit of 1779641?
7
What is the hundreds digit of 22809?
8
What is the thousands digit of 4448696?
8
What is the units digit of 4726075?
5
What is the units digit of 223612?
2
What is the tens digit of 99180?
8
What is the hundred thousands digit of 2613819?
6
What is the units digit of 2829286?
6
What is the hundred thousands digit of 237156?
2
What is the tens digit of 25803?
0
What is the hundreds digit of 89914?
9
What is the thousands digit of 1837692?
7
What is the hundred thousands digit of 163527?
1
What is the thousands digit of 10703693?
3
What is the ten thousands digit of 305856?
0
What is the tens digit of 112401?
0
What is the tens digit of 133998?
9
What is the thousands digit of 133808?
3
What is the units digit of 227222?
2
What is the thousands digit of 1823437?
3
What is the millions digit of 2381876?
2
What is the hundred thousands digit of 421233?
4
What is the hundred thousands digit of 197879?
1
What is the units digit of 6334591?
1
What is the ten thousands digit of 2507551?
0
What is the hundred thousands digit of 10172261?
1
What is the hundreds digit of 824429?
4
What is the ten thousands digit of 96303?
9
What is the hundreds digit of 1360048?
0
What is the hundred thousands digit of 661576?
6
What is the ten thousands digit of 182497?
8
What is the ten millions digit of 26623173?
2
What is the units digit of 169886?
6
What is the millions digit of 3400533?
3
What is the ten thousands digit of 5596073?
9
What is the units digit of 140002?
2
What is the tens digit of 12987026?
2
What is the tens digit of 24353910?
1
What is the hundreds digit of 381744?
7
What is the thousands digit of 13599867?
9
What is the units digit of 3034805?
5
What is the hundreds digit of 4042604?
6
What is the thousands digit of 819053?
9
What is the units digit of 2353460?
0
What is the thousands digit of 235626?
5
What is the hundreds digit of 330509?
5
What is the ten thousands digit of 345617?
4
What is the thousands digit of 718526?
8
What is the ten thousands digit of 972988?
7
What is the t